{"id":75,"date":"2025-06-06T07:42:45","date_gmt":"2025-06-06T07:42:45","guid":{"rendered":"https:\/\/naturopatiasalud.dev02.servidordepruebas.eu\/index.php\/nosotros\/"},"modified":"2025-06-16T08:51:34","modified_gmt":"2025-06-16T08:51:34","slug":"nosotros","status":"publish","type":"page","link":"https:\/\/naturopatiasalud.dev02.servidordepruebas.eu\/index.php\/nosotros\/","title":{"rendered":"Nosotros"},"content":{"rendered":"\t\t<div data-elementor-type=\"wp-page\" data-elementor-id=\"75\" class=\"elementor elementor-75\" data-elementor-post-type=\"page\">\n\t\t\t\t<div class=\"elementor-element elementor-element-7c7f1b22 e-flex e-con-boxed e-con e-parent\" data-id=\"7c7f1b22\" data-element_type=\"container\" data-settings=\"{&quot;background_background&quot;:&quot;classic&quot;}\">\n\t\t\t\t\t<div class=\"e-con-inner\">\n\t\t<div class=\"elementor-element elementor-element-1a9ebef2 e-con-full e-flex e-con e-child\" data-id=\"1a9ebef2\" data-element_type=\"container\">\n\t\t\t\t<div class=\"elementor-element elementor-element-7128b0b0 elementor-widget elementor-widget-heading\" data-id=\"7128b0b0\" data-element_type=\"widget\" data-widget_type=\"heading.default\">\n\t\t\t\t<div class=\"elementor-widget-container\">\n\t\t\t\t\t<h1 class=\"elementor-heading-title elementor-size-default\">Nosotros<\/h1>\t\t\t\t<\/div>\n\t\t\t\t<\/div>\n\t\t\t\t<\/div>\n\t\t\t\t\t<\/div>\n\t\t\t\t<\/div>\n\t\t<div class=\"elementor-element elementor-element-45b1cdea e-flex e-con-boxed e-con e-parent\" data-id=\"45b1cdea\" data-element_type=\"container\" data-settings=\"{&quot;background_background&quot;:&quot;classic&quot;}\">\n\t\t\t\t\t<div class=\"e-con-inner\">\n\t\t<div class=\"elementor-element elementor-element-f07f06c e-con-full e-flex e-con e-child\" data-id=\"f07f06c\" data-element_type=\"container\" data-settings=\"{&quot;background_background&quot;:&quot;classic&quot;}\">\n\t\t\t\t<div class=\"elementor-element elementor-element-607f8d7b elementor-widget elementor-widget-image\" data-id=\"607f8d7b\" data-element_type=\"widget\" data-widget_type=\"image.default\">\n\t\t\t\t<div class=\"elementor-widget-container\">\n\t\t\t\t\t\t\t\t\t\t\t\t\t\t\t<img fetchpriority=\"high\" decoding=\"async\" width=\"2040\" height=\"2440\" src=\"https:\/\/naturopatiasalud.dev02.servidordepruebas.eu\/wp-content\/uploads\/2025\/06\/chyavanprash-or-chyawanprash-is-widely-consumed-in-2025-01-16-12-54-04-utc.jpg\" class=\"attachment-full size-full wp-image-172\" alt=\"\" srcset=\"https:\/\/naturopatiasalud.dev02.servidordepruebas.eu\/wp-content\/uploads\/2025\/06\/chyavanprash-or-chyawanprash-is-widely-consumed-in-2025-01-16-12-54-04-utc.jpg 2040w, https:\/\/naturopatiasalud.dev02.servidordepruebas.eu\/wp-content\/uploads\/2025\/06\/chyavanprash-or-chyawanprash-is-widely-consumed-in-2025-01-16-12-54-04-utc-251x300.jpg 251w, https:\/\/naturopatiasalud.dev02.servidordepruebas.eu\/wp-content\/uploads\/2025\/06\/chyavanprash-or-chyawanprash-is-widely-consumed-in-2025-01-16-12-54-04-utc-856x1024.jpg 856w, https:\/\/naturopatiasalud.dev02.servidordepruebas.eu\/wp-content\/uploads\/2025\/06\/chyavanprash-or-chyawanprash-is-widely-consumed-in-2025-01-16-12-54-04-utc-768x919.jpg 768w, https:\/\/naturopatiasalud.dev02.servidordepruebas.eu\/wp-content\/uploads\/2025\/06\/chyavanprash-or-chyawanprash-is-widely-consumed-in-2025-01-16-12-54-04-utc-1284x1536.jpg 1284w, https:\/\/naturopatiasalud.dev02.servidordepruebas.eu\/wp-content\/uploads\/2025\/06\/chyavanprash-or-chyawanprash-is-widely-consumed-in-2025-01-16-12-54-04-utc-1712x2048.jpg 1712w\" sizes=\"(max-width: 2040px) 100vw, 2040px\" \/>\t\t\t\t\t\t\t\t\t\t\t\t\t\t\t<\/div>\n\t\t\t\t<\/div>\n\t\t\t\t<\/div>\n\t\t<div class=\"elementor-element elementor-element-2e1be97f e-con-full e-flex e-con e-child\" data-id=\"2e1be97f\" data-element_type=\"container\">\n\t\t\t\t<div class=\"elementor-element elementor-element-358f4a2d elementor-widget elementor-widget-heading\" data-id=\"358f4a2d\" data-element_type=\"widget\" data-widget_type=\"heading.default\">\n\t\t\t\t<div class=\"elementor-widget-container\">\n\t\t\t\t\t<h2 class=\"elementor-heading-title elementor-size-default\">Creemos en una salud que respeta tu naturaleza<\/h2>\t\t\t\t<\/div>\n\t\t\t\t<\/div>\n\t\t\t\t<div class=\"elementor-element elementor-element-4220a406 elementor-widget elementor-widget-text-editor\" data-id=\"4220a406\" data-element_type=\"widget\" data-widget_type=\"text-editor.default\">\n\t\t\t\t<div class=\"elementor-widget-container\">\n\t\t\t\t\t\t\t\t\t<p>En Naturopat\u00eda Salud nacemos con la misi\u00f3n de acompa\u00f1arte a reconectar con tu bienestar desde un enfoque natural, integral y consciente.<br data-start=\"310\" data-end=\"313\" \/>No tratamos s\u00edntomas aislados, sino a personas completas, con cuerpo, mente y emociones.<br data-start=\"401\" data-end=\"404\" \/>Nuestra vocaci\u00f3n es ayudarte a recuperar tu equilibrio vital a trav\u00e9s de terapias respetuosas, seguras y personalizadas.<br data-start=\"524\" data-end=\"527\" \/>Trabajamos desde la escucha, la empat\u00eda y el compromiso con tu proceso de transformaci\u00f3n.<br data-start=\"616\" data-end=\"619\" data-is-only-node=\"\" \/>Porque sanar no es solo curar, sino tambi\u00e9n comprender, prevenir y cuidarse desde dentro.<br data-start=\"708\" data-end=\"711\" \/>Bienvenido\/a a un espacio donde tu salud es natural.<\/p>\t\t\t\t\t\t\t\t<\/div>\n\t\t\t\t<\/div>\n\t\t\t\t<\/div>\n\t\t\t\t\t<\/div>\n\t\t\t\t<\/div>\n\t\t<div class=\"elementor-element elementor-element-178dd8cc e-flex e-con-boxed e-con e-parent\" data-id=\"178dd8cc\" data-element_type=\"container\" data-settings=\"{&quot;background_background&quot;:&quot;classic&quot;}\">\n\t\t\t\t\t<div class=\"e-con-inner\">\n\t\t<div class=\"elementor-element elementor-element-4e477d46 e-con-full e-flex e-con e-child\" data-id=\"4e477d46\" data-element_type=\"container\">\n\t\t\t\t<div class=\"elementor-element elementor-element-35820bd elementor-widget elementor-widget-heading\" data-id=\"35820bd\" data-element_type=\"widget\" data-widget_type=\"heading.default\">\n\t\t\t\t<div class=\"elementor-widget-container\">\n\t\t\t\t\t<h2 class=\"elementor-heading-title elementor-size-default\">Nuestros valores, nuestra esencia<\/h2>\t\t\t\t<\/div>\n\t\t\t\t<\/div>\n\t\t\t\t<div class=\"elementor-element elementor-element-21e94f7a elementor-widget elementor-widget-text-editor\" data-id=\"21e94f7a\" data-element_type=\"widget\" data-widget_type=\"text-editor.default\">\n\t\t\t\t<div class=\"elementor-widget-container\">\n\t\t\t\t\t\t\t\t\t<p>En Naturopat\u00eda Salud creemos en una forma de cuidar que nace del respeto profundo por la persona y la naturaleza.<br data-start=\"217\" data-end=\"220\" \/>Cada paso que damos est\u00e1 guiado por principios que definen nuestra forma de trabajar y de acompa\u00f1arte.<\/p>\t\t\t\t\t\t\t\t<\/div>\n\t\t\t\t<\/div>\n\t\t<div class=\"elementor-element elementor-element-7f8019d1 e-flex e-con-boxed e-con e-child\" data-id=\"7f8019d1\" data-element_type=\"container\">\n\t\t\t\t\t<div class=\"e-con-inner\">\n\t\t<div class=\"elementor-element elementor-element-24875203 e-con-full e-flex e-con e-child\" data-id=\"24875203\" data-element_type=\"container\">\n\t\t\t\t<div class=\"elementor-element elementor-element-11cc37e3 elementor-view-stacked elementor-shape-circle elementor-position-top elementor-mobile-position-top elementor-widget elementor-widget-icon-box\" data-id=\"11cc37e3\" data-element_type=\"widget\" data-widget_type=\"icon-box.default\">\n\t\t\t\t<div class=\"elementor-widget-container\">\n\t\t\t\t\t\t\t<div class=\"elementor-icon-box-wrapper\">\n\n\t\t\t\t\t\t<div class=\"elementor-icon-box-icon\">\n\t\t\t\t<span  class=\"elementor-icon\">\n\t\t\t\t<svg aria-hidden=\"true\" class=\"e-font-icon-svg e-fas-leaf\" viewBox=\"0 0 576 512\" xmlns=\"http:\/\/www.w3.org\/2000\/svg\"><path d=\"M546.2 9.7c-5.6-12.5-21.6-13-28.3-1.2C486.9 62.4 431.4 96 368 96h-80C182 96 96 182 96 288c0 7 .8 13.7 1.5 20.5C161.3 262.8 253.4 224 384 224c8.8 0 16 7.2 16 16s-7.2 16-16 16C132.6 256 26 410.1 2.4 468c-6.6 16.3 1.2 34.9 17.5 41.6 16.4 6.8 35-1.1 41.8-17.3 1.5-3.6 20.9-47.9 71.9-90.6 32.4 43.9 94 85.8 174.9 77.2C465.5 467.5 576 326.7 576 154.3c0-50.2-10.8-102.2-29.8-144.6z\"><\/path><\/svg>\t\t\t\t<\/span>\n\t\t\t<\/div>\n\t\t\t\n\t\t\t\t\t\t<div class=\"elementor-icon-box-content\">\n\n\t\t\t\t\t\t\t\t\t<h4 class=\"elementor-icon-box-title\">\n\t\t\t\t\t\t<span  >\n\t\t\t\t\t\t\tRespeto por lo natural\t\t\t\t\t\t<\/span>\n\t\t\t\t\t<\/h4>\n\t\t\t\t\n\t\t\t\t\t\t\t\t\t<p class=\"elementor-icon-box-description\">\n\t\t\t\t\t\tConfiamos en la sabidur\u00eda del cuerpo y en los recursos que la naturaleza nos brinda para sanar de forma armoniosa y no invasiva.\t\t\t\t\t<\/p>\n\t\t\t\t\n\t\t\t<\/div>\n\t\t\t\n\t\t<\/div>\n\t\t\t\t\t\t<\/div>\n\t\t\t\t<\/div>\n\t\t\t\t<\/div>\n\t\t<div class=\"elementor-element elementor-element-4f978b87 e-con-full e-flex e-con e-child\" data-id=\"4f978b87\" data-element_type=\"container\">\n\t\t\t\t<div class=\"elementor-element elementor-element-422c9edd elementor-view-stacked elementor-shape-circle elementor-position-top elementor-mobile-position-top elementor-widget elementor-widget-icon-box\" data-id=\"422c9edd\" data-element_type=\"widget\" data-widget_type=\"icon-box.default\">\n\t\t\t\t<div class=\"elementor-widget-container\">\n\t\t\t\t\t\t\t<div class=\"elementor-icon-box-wrapper\">\n\n\t\t\t\t\t\t<div class=\"elementor-icon-box-icon\">\n\t\t\t\t<span  class=\"elementor-icon\">\n\t\t\t\t<svg aria-hidden=\"true\" class=\"e-font-icon-svg e-fas-hand-holding-heart\" viewBox=\"0 0 576 512\" xmlns=\"http:\/\/www.w3.org\/2000\/svg\"><path d=\"M275.3 250.5c7 7.4 18.4 7.4 25.5 0l108.9-114.2c31.6-33.2 29.8-88.2-5.6-118.8-30.8-26.7-76.7-21.9-104.9 7.7L288 36.9l-11.1-11.6C248.7-4.4 202.8-9.2 172 17.5c-35.3 30.6-37.2 85.6-5.6 118.8l108.9 114.2zm290 77.6c-11.8-10.7-30.2-10-42.6 0L430.3 402c-11.3 9.1-25.4 14-40 14H272c-8.8 0-16-7.2-16-16s7.2-16 16-16h78.3c15.9 0 30.7-10.9 33.3-26.6 3.3-20-12.1-37.4-31.6-37.4H192c-27 0-53.1 9.3-74.1 26.3L71.4 384H16c-8.8 0-16 7.2-16 16v96c0 8.8 7.2 16 16 16h356.8c14.5 0 28.6-4.9 40-14L564 377c15.2-12.1 16.4-35.3 1.3-48.9z\"><\/path><\/svg>\t\t\t\t<\/span>\n\t\t\t<\/div>\n\t\t\t\n\t\t\t\t\t\t<div class=\"elementor-icon-box-content\">\n\n\t\t\t\t\t\t\t\t\t<h4 class=\"elementor-icon-box-title\">\n\t\t\t\t\t\t<span  >\n\t\t\t\t\t\t\tEscucha activa y empat\u00eda\t\t\t\t\t\t<\/span>\n\t\t\t\t\t<\/h4>\n\t\t\t\t\n\t\t\t\t\t\t\t\t\t<p class=\"elementor-icon-box-description\">\n\t\t\t\t\t\tPonemos atenci\u00f3n a lo que sientes y necesitas, creando un espacio seguro donde puedas expresarte libremente y sin juicios.\t\t\t\t\t<\/p>\n\t\t\t\t\n\t\t\t<\/div>\n\t\t\t\n\t\t<\/div>\n\t\t\t\t\t\t<\/div>\n\t\t\t\t<\/div>\n\t\t\t\t<\/div>\n\t\t<div class=\"elementor-element elementor-element-374dabbd e-con-full e-flex e-con e-child\" data-id=\"374dabbd\" data-element_type=\"container\">\n\t\t\t\t<div class=\"elementor-element elementor-element-1c06a9de elementor-view-stacked elementor-shape-circle elementor-position-top elementor-mobile-position-top elementor-widget elementor-widget-icon-box\" data-id=\"1c06a9de\" data-element_type=\"widget\" data-widget_type=\"icon-box.default\">\n\t\t\t\t<div class=\"elementor-widget-container\">\n\t\t\t\t\t\t\t<div class=\"elementor-icon-box-wrapper\">\n\n\t\t\t\t\t\t<div class=\"elementor-icon-box-icon\">\n\t\t\t\t<span  class=\"elementor-icon\">\n\t\t\t\t<svg aria-hidden=\"true\" class=\"e-font-icon-svg e-fas-heartbeat\" viewBox=\"0 0 512 512\" xmlns=\"http:\/\/www.w3.org\/2000\/svg\"><path d=\"M320.2 243.8l-49.7 99.4c-6 12.1-23.4 11.7-28.9-.6l-56.9-126.3-30 71.7H60.6l182.5 186.5c7.1 7.3 18.6 7.3 25.7 0L451.4 288H342.3l-22.1-44.2zM473.7 73.9l-2.4-2.5c-51.5-52.6-135.8-52.6-187.4 0L256 100l-27.9-28.5c-51.5-52.7-135.9-52.7-187.4 0l-2.4 2.4C-10.4 123.7-12.5 203 31 256h102.4l35.9-86.2c5.4-12.9 23.6-13.2 29.4-.4l58.2 129.3 49-97.9c5.9-11.8 22.7-11.8 28.6 0l27.6 55.2H481c43.5-53 41.4-132.3-7.3-182.1z\"><\/path><\/svg>\t\t\t\t<\/span>\n\t\t\t<\/div>\n\t\t\t\n\t\t\t\t\t\t<div class=\"elementor-icon-box-content\">\n\n\t\t\t\t\t\t\t\t\t<h4 class=\"elementor-icon-box-title\">\n\t\t\t\t\t\t<span  >\n\t\t\t\t\t\t\tCompromiso con tu bienestar\t\t\t\t\t\t<\/span>\n\t\t\t\t\t<\/h4>\n\t\t\t\t\n\t\t\t\t\t\t\t\t\t<p class=\"elementor-icon-box-description\">\n\t\t\t\t\t\tAcompa\u00f1amos tu proceso con responsabilidad, cercan\u00eda y seguimiento constante, adapt\u00e1ndonos a ti en cada etapa del camino.\t\t\t\t\t<\/p>\n\t\t\t\t\n\t\t\t<\/div>\n\t\t\t\n\t\t<\/div>\n\t\t\t\t\t\t<\/div>\n\t\t\t\t<\/div>\n\t\t\t\t<\/div>\n\t\t\t\t\t<\/div>\n\t\t\t\t<\/div>\n\t\t<div class=\"elementor-element elementor-element-5115f9b0 e-flex e-con-boxed e-con e-child\" data-id=\"5115f9b0\" data-element_type=\"container\" data-settings=\"{&quot;background_background&quot;:&quot;classic&quot;}\">\n\t\t\t\t\t<div class=\"e-con-inner\">\n\t\t\t\t\t<\/div>\n\t\t\t\t<\/div>\n\t\t\t\t<\/div>\n\t\t\t\t\t<\/div>\n\t\t\t\t<\/div>\n\t\t<div class=\"elementor-element elementor-element-422cd028 e-flex e-con-boxed e-con e-parent\" data-id=\"422cd028\" data-element_type=\"container\" data-settings=\"{&quot;background_background&quot;:&quot;classic&quot;}\">\n\t\t\t\t\t<div class=\"e-con-inner\">\n\t\t<div class=\"elementor-element elementor-element-35a28ff8 e-con-full e-flex e-con e-child\" data-id=\"35a28ff8\" data-element_type=\"container\" data-settings=\"{&quot;background_background&quot;:&quot;classic&quot;}\">\n\t\t<div class=\"elementor-element elementor-element-5cf6126c e-con-full e-flex e-con e-child\" data-id=\"5cf6126c\" data-element_type=\"container\">\n\t\t\t\t<div class=\"elementor-element elementor-element-3c1c3839 elementor-widget elementor-widget-heading\" data-id=\"3c1c3839\" data-element_type=\"widget\" data-widget_type=\"heading.default\">\n\t\t\t\t<div class=\"elementor-widget-container\">\n\t\t\t\t\t<h3 class=\"elementor-heading-title elementor-size-default\">Nuestra Misi\u00f3n<\/h3>\t\t\t\t<\/div>\n\t\t\t\t<\/div>\n\t\t\t\t<div class=\"elementor-element elementor-element-1e19f87 elementor-widget elementor-widget-text-editor\" data-id=\"1e19f87\" data-element_type=\"widget\" data-widget_type=\"text-editor.default\">\n\t\t\t\t<div class=\"elementor-widget-container\">\n\t\t\t\t\t\t\t\t\t<p>Nuestra misi\u00f3n es ayudarte a recuperar y mantener tu salud de forma natural, respetando los ritmos de tu cuerpo y tu historia personal.<br data-start=\"223\" data-end=\"226\" \/>Ofrecemos un acompa\u00f1amiento cercano y profesional basado en la naturopat\u00eda, integrando distintas terapias naturales para lograr un equilibrio f\u00edsico, emocional y energ\u00e9tico.<br data-start=\"399\" data-end=\"402\" \/>Queremos que cada persona se sienta escuchada, comprendida y empoderada para tomar decisiones conscientes sobre su bienestar.<br data-start=\"527\" data-end=\"530\" \/>Trabajamos desde la prevenci\u00f3n, la educaci\u00f3n en salud y el respeto absoluto por la individualidad.<br data-start=\"628\" data-end=\"631\" \/>Nuestro prop\u00f3sito es simple: que vivas mejor, de forma m\u00e1s natural y plena.<\/p>\t\t\t\t\t\t\t\t<\/div>\n\t\t\t\t<\/div>\n\t\t\t\t<\/div>\n\t\t<div class=\"elementor-element elementor-element-3508dda1 e-con-full e-flex e-con e-child\" data-id=\"3508dda1\" data-element_type=\"container\">\n\t\t\t\t<div class=\"elementor-element elementor-element-225b228a elementor-widget elementor-widget-heading\" data-id=\"225b228a\" data-element_type=\"widget\" data-widget_type=\"heading.default\">\n\t\t\t\t<div class=\"elementor-widget-container\">\n\t\t\t\t\t<h3 class=\"elementor-heading-title elementor-size-default\">Nuestra Visi\u00f3n<\/h3>\t\t\t\t<\/div>\n\t\t\t\t<\/div>\n\t\t\t\t<div class=\"elementor-element elementor-element-4915502b elementor-widget elementor-widget-text-editor\" data-id=\"4915502b\" data-element_type=\"widget\" data-widget_type=\"text-editor.default\">\n\t\t\t\t<div class=\"elementor-widget-container\">\n\t\t\t\t\t\t\t\t\t<p>Aspiramos a ser un referente en salud natural, acercando la naturopat\u00eda a m\u00e1s personas que buscan alternativas respetuosas y eficaces.<br data-start=\"872\" data-end=\"875\" \/>Queremos contribuir a un cambio de paradigma donde el bienestar se construya desde la prevenci\u00f3n, el equilibrio y la conciencia.<br data-start=\"1003\" data-end=\"1006\" \/>So\u00f1amos con un mundo donde las personas est\u00e9n conectadas con su cuerpo, sus emociones y la naturaleza que las rodea.<br data-start=\"1122\" data-end=\"1125\" \/>Visualizamos una comunidad que elige cuidarse con responsabilidad, libertad y confianza en los recursos naturales.<br data-start=\"1239\" data-end=\"1242\" \/>Y lo hacemos desde la honestidad, la formaci\u00f3n continua y el compromiso con cada proceso personal.<\/p>\t\t\t\t\t\t\t\t<\/div>\n\t\t\t\t<\/div>\n\t\t\t\t<\/div>\n\t\t\t\t<\/div>\n\t\t\t\t\t<\/div>\n\t\t\t\t<\/div>\n\t\t<div class=\"elementor-element elementor-element-f3a2ece elementor-hidden-tablet elementor-hidden-mobile e-flex e-con-boxed e-con e-parent\" data-id=\"f3a2ece\" data-element_type=\"container\" data-settings=\"{&quot;background_background&quot;:&quot;classic&quot;}\">\n\t\t\t\t\t<div class=\"e-con-inner\">\n\t\t<div class=\"elementor-element elementor-element-2a1c7e3 e-con-full e-flex e-con e-child\" data-id=\"2a1c7e3\" data-element_type=\"container\">\n\t\t\t\t<div class=\"elementor-element elementor-element-d5ce9e1 elementor-widget elementor-widget-heading\" data-id=\"d5ce9e1\" data-element_type=\"widget\" data-widget_type=\"heading.default\">\n\t\t\t\t<div class=\"elementor-widget-container\">\n\t\t\t\t\t<h2 class=\"elementor-heading-title elementor-size-default\">\u00bfQuieres saber c\u00f3mo la naturopat\u00eda puede ayudarte?<\/h2>\t\t\t\t<\/div>\n\t\t\t\t<\/div>\n\t\t\t\t<div class=\"elementor-element elementor-element-abd8b2a elementor-widget elementor-widget-text-editor\" data-id=\"abd8b2a\" data-element_type=\"widget\" data-widget_type=\"text-editor.default\">\n\t\t\t\t<div class=\"elementor-widget-container\">\n\t\t\t\t\t\t\t\t\t<p>Estamos aqu\u00ed para escucharte y guiarte con un enfoque natural y personalizado.<br data-start=\"206\" data-end=\"209\" \/>Haz clic y pide informaci\u00f3n sin compromiso.<\/p>\t\t\t\t\t\t\t\t<\/div>\n\t\t\t\t<\/div>\n\t\t\t\t<div class=\"elementor-element elementor-element-1fc2ecc elementor-widget__width-auto elementor-mobile-align-justify elementor-widget-mobile__width-inherit elementor-widget elementor-widget-button\" data-id=\"1fc2ecc\" data-element_type=\"widget\" data-widget_type=\"button.default\">\n\t\t\t\t<div class=\"elementor-widget-container\">\n\t\t\t\t\t\t\t\t\t<div class=\"elementor-button-wrapper\">\n\t\t\t\t\t<a class=\"elementor-button elementor-button-link elementor-size-sm elementor-animation-float\" href=\"#\">\n\t\t\t\t\t\t<span class=\"elementor-button-content-wrapper\">\n\t\t\t\t\t\t\t\t\t<span class=\"elementor-button-text\">Pide mas Informaci\u00f3n<\/span>\n\t\t\t\t\t<\/span>\n\t\t\t\t\t<\/a>\n\t\t\t\t<\/div>\n\t\t\t\t\t\t\t\t<\/div>\n\t\t\t\t<\/div>\n\t\t\t\t<\/div>\n\t\t\t\t\t<\/div>\n\t\t\t\t<\/div>\n\t\t<div class=\"elementor-element elementor-element-db191b6 elementor-hidden-desktop e-flex e-con-boxed e-con e-parent\" data-id=\"db191b6\" data-element_type=\"container\" data-settings=\"{&quot;background_background&quot;:&quot;classic&quot;}\">\n\t\t\t\t\t<div class=\"e-con-inner\">\n\t\t<div class=\"elementor-element elementor-element-9d7dfa0 e-con-full e-flex e-con e-child\" data-id=\"9d7dfa0\" data-element_type=\"container\">\n\t\t\t\t<div class=\"elementor-element elementor-element-d00d052 elementor-widget elementor-widget-heading\" data-id=\"d00d052\" data-element_type=\"widget\" data-widget_type=\"heading.default\">\n\t\t\t\t<div class=\"elementor-widget-container\">\n\t\t\t\t\t<h2 class=\"elementor-heading-title elementor-size-default\">\u00bfQuieres saber c\u00f3mo la naturopat\u00eda puede ayudarte?<\/h2>\t\t\t\t<\/div>\n\t\t\t\t<\/div>\n\t\t\t\t<div class=\"elementor-element elementor-element-b08d73f elementor-widget elementor-widget-text-editor\" data-id=\"b08d73f\" data-element_type=\"widget\" data-widget_type=\"text-editor.default\">\n\t\t\t\t<div class=\"elementor-widget-container\">\n\t\t\t\t\t\t\t\t\t<p>Estamos aqu\u00ed para escucharte y guiarte con un enfoque natural y personalizado.<br data-start=\"206\" data-end=\"209\" \/>Haz clic y pide informaci\u00f3n sin compromiso.<\/p>\t\t\t\t\t\t\t\t<\/div>\n\t\t\t\t<\/div>\n\t\t\t\t<div class=\"elementor-element elementor-element-e17eab0 elementor-widget__width-auto elementor-mobile-align-left elementor-widget-mobile__width-inherit elementor-widget elementor-widget-button\" data-id=\"e17eab0\" data-element_type=\"widget\" data-widget_type=\"button.default\">\n\t\t\t\t<div class=\"elementor-widget-container\">\n\t\t\t\t\t\t\t\t\t<div class=\"elementor-button-wrapper\">\n\t\t\t\t\t<a class=\"elementor-button elementor-button-link elementor-size-sm elementor-animation-float\" href=\"#\">\n\t\t\t\t\t\t<span class=\"elementor-button-content-wrapper\">\n\t\t\t\t\t\t\t\t\t<span class=\"elementor-button-text\">Pide mas Informaci\u00f3n<\/span>\n\t\t\t\t\t<\/span>\n\t\t\t\t\t<\/a>\n\t\t\t\t<\/div>\n\t\t\t\t\t\t\t\t<\/div>\n\t\t\t\t<\/div>\n\t\t\t\t<\/div>\n\t\t\t\t\t<\/div>\n\t\t\t\t<\/div>\n\t\t\t\t<\/div>\n\t\t","protected":false},"excerpt":{"rendered":"<p>Nosotros Creemos en una salud que respeta tu naturaleza En Naturopat\u00eda Salud nacemos con la misi\u00f3n de acompa\u00f1arte a reconectar con tu bienestar desde un enfoque natural, integral y consciente.No tratamos s\u00edntomas aislados, sino a personas completas, con cuerpo, mente y emociones.Nuestra vocaci\u00f3n es ayudarte a recuperar tu equilibrio vital a trav\u00e9s de terapias respetuosas, [&hellip;]<\/p>\n","protected":false},"author":1,"featured_media":0,"parent":0,"menu_order":0,"comment_status":"closed","ping_status":"closed","template":"","meta":{"footnotes":""},"class_list":["post-75","page","type-page","status-publish","hentry"],"_links":{"self":[{"href":"https:\/\/naturopatiasalud.dev02.servidordepruebas.eu\/index.php\/wp-json\/wp\/v2\/pages\/75","targetHints":{"allow":["GET"]}}],"collection":[{"href":"https:\/\/naturopatiasalud.dev02.servidordepruebas.eu\/index.php\/wp-json\/wp\/v2\/pages"}],"about":[{"href":"https:\/\/naturopatiasalud.dev02.servidordepruebas.eu\/index.php\/wp-json\/wp\/v2\/types\/page"}],"author":[{"embeddable":true,"href":"https:\/\/naturopatiasalud.dev02.servidordepruebas.eu\/index.php\/wp-json\/wp\/v2\/users\/1"}],"replies":[{"embeddable":true,"href":"https:\/\/naturopatiasalud.dev02.servidordepruebas.eu\/index.php\/wp-json\/wp\/v2\/comments?post=75"}],"version-history":[{"count":19,"href":"https:\/\/naturopatiasalud.dev02.servidordepruebas.eu\/index.php\/wp-json\/wp\/v2\/pages\/75\/revisions"}],"predecessor-version":[{"id":251,"href":"https:\/\/naturopatiasalud.dev02.servidordepruebas.eu\/index.php\/wp-json\/wp\/v2\/pages\/75\/revisions\/251"}],"wp:attachment":[{"href":"https:\/\/naturopatiasalud.dev02.servidordepruebas.eu\/index.php\/wp-json\/wp\/v2\/media?parent=75"}],"curies":[{"name":"wp","href":"https:\/\/api.w.org\/{rel}","templated":true}]}}